 6*y - 10. Let w be j(8). Suppose -3*u + w = -20. Let h(k) = -k + 63. Let a be h(32). What is the greatest common divisor of a and u?
31
Let f(a) = -a**3 + 12*a**2 + 3*a - 16. Let s be f(12). Calculate the highest common divisor of s and 40.
20
Let q = -891 - -1307. Calculate the highest common factor of q and 13.
13
Suppose -j - 4 = x - 3, 3*j + 9 = -x. Suppose 3*o = -x*g + 81, 4*o - 4*g - 143 = -g. Calculate the highest common factor of o and 16.
16
Suppose -214 = -3*l + r, 6*r = -l + 3*r + 68. Let k = l - 57. What is the highest common factor of 112 and k?
14
Suppose -1800 = -6*s + 636. Calculate the highest common divisor of 28 and s.
14
Suppose 17*o = 73*o - 32256. What is the highest common factor of 27 and o?
9
Let m(h) = 3*h**2 + 52*h + 27. Let s be m(-18). Calculate the greatest common divisor of s and 252.
63
Let f = -3 - -7. Suppose 2*k - 3*m - 54 = -k, -f*m = -8. Suppose 0 = -4*u + 2*i + 4 + 10, -4*i = -3*u + 3. Calculate the greatest common factor of u and k.
5
Let m = -71 - -81. Calculate the greatest common factor of 155 and m.
5
Let f(t) = 3*t - 9. Let r be f(7). Suppose -5*g + 744 + 76 = 0. Let o = g - 32. Calculate the highest common divisor of o and r.
12
Suppose 3*k = 3*i + 111, -4*i + 31 = k - 21. Let j be ((-4)/6)/((k/(-135))/4). What is the greatest common divisor of 198 and j?
9
Let r = 25 + -11. Let u be (3/(-2))/(r/(-308)). Calculate the greatest common factor of 3 and u.
3
Let n(v) = -3*v + 1. Let x be n(2). Let q(f) = 22*f + 30*f + 2*f**2 - 48*f. Let h be q(x). What is the highest common factor of h and 10?
10
Suppose 5*s - 1280 = -2*a + 288, -5*s + 789 = a. Calculate the greatest common factor of a and 41.
41
Suppose 0 = 6*q - 148 - 122. What is the highest common divisor of 180 and q?
45
Let x be 110 - (30/3 + -8). What is the greatest common divisor of 132 and x?
12
Suppose 4*j - 564 = 184. Suppose 11*p - 1155 = -j. Calculate the highest common divisor of 11 and p.
11
Let z = 268 - 34. What is the highest common factor of 26 and z?
26
Suppose 4*l = -3*k + 216, 0 = 3*k - 0*k. What is the highest common factor of l and 16?
2
Suppose -2*p = -30 + 24. Let w be 6/(4 + -2) + -2. Let q be 0 - w - (-9 - 1). What is the highest common factor of q and p?
3
Suppose -3*f + 160 = 5*h, 15*h - 91 = 11*h + 5*f. Let p = -32 - -61. What is the greatest common factor of h and p?
29
Suppose 4 = -f, -3*h + 4*f = -0*h - 34. Suppose 7*g = 106 + 20. Calculate the greatest common factor of g and h.
6
Let g(w) be the third derivative of -w**4/8 - 7*w**3/3 - 3*w**2. Let h be g(-6). What is the greatest common divisor of 20 and h?
4
Let x be 154 - (-3 + 7 + -5)*0. What is the highest common factor of 14 and x?
14
Let q = -10 - -16. Let h be (-1860)/(-78) - 12/(-78). What is the highest common factor of q and h?
6
Suppose 2*o = -33 + 139. Let t = o - 49. Calculate the highest common factor of t and 72.
4
Let r(k) = -k + 28. Let a be r(-8). Suppose -2*m - 3*i + a = -6*i, -i - 20 = -m. What is the highest common divisor of 16 and m?
8
Let p(h) = -h**2 - 13*h - 17. Let y be p(-12). Let l be (-78)/(-2) - (-4 - y). What is the highest common factor of 19 and l?
19
Let l be (-1)/(0 - -1) + 136. Suppose 375*k - 10937 + 1946 = 42*k. Calculate the greatest common divisor of l and k.
27
Suppose w - 8*w + 35 = 0. Suppose -w*x + 33 = -137. What is the highest common factor of x and 34?
34
Let p(s) = s**3 + 2*s**2 - 6*s - 1. Let j be p(-3). What is the highest common divisor of 64 and j?
8
Let g be 2*6 + (-12)/16*-4. Let x be (500/g)/2 + (-6)/9. What is the highest common factor of x and 112?
16
Let k(b) = 5*b + 20. Let u(d) = -6*d - 21. Let x(g) = 7*k(g) + 6*u(g). Let m be x(8). What is the greatest common factor of 21 and m?
3
Suppose -g = -6*g + 315. Suppose 2*c = -0*c - 108. Let n = -45 - c. What is the greatest common factor of g and n?
9
Let x = 315 + -279. What is the greatest common divisor of 24 and x?
12
Let y = -49 + 77. Let u be ((-25)/20 + 2)*y. Calculate the highest common divisor of 7 and u.
7
Suppose 158*r - 585 = 153*r. What is the greatest common divisor of r and 27?
9
Suppose 0 = -15*w + 3548 + 112. Calculate the highest common divisor of 183 and w.
61
Suppose 0 = 10*z - 7*z - 24. Suppose 0 = -5*r + z*r - 24. Calculate the greatest common divisor of r and 4.
4
Let a = 159 - 131. What is the highest common divisor of 91 and a?
7
Suppose 0 = 3*z + 2*n - 202, 2*z = 2*n - 0*n + 118. Calculate the greatest common factor of z and 24.
8
Suppose 0 = -5*q - x + 282, 0*q - 45 = -q - 4*x. Suppose -271 = -3*s + 2*v, -35 = -s - v + q. What is the greatest common divisor of 13 and s?
13
Let l(h) = 1 + h - 2*h + 3*h**3 - 4*h**2 + 2*h**2. Let t be l(2). Let a be -3*6*1/(-3). What is the greatest common factor of a and t?
3
Suppose -n - 2669 = -2757. What is the greatest common divisor of 40 and n?
8
Suppose -2*x = -3*x. Suppose 4*n + m = -m + 20, -4*n = -2*m - 4. Let a = n + x. Calculate the greatest common divisor of a and 3.
3
Let m be (-26)/(-2 + 9/5). Calculate the highest common divisor of m and 195.
65
Let u be (-418)/(-6) - 8/(-24). Let w be u/(-15)*(-3)/2. Let s be (-9)/(-15) - (-2)/5. What is the greatest common factor of w and s?
1
Suppose 15*t - 17*t = -8. Let h = t + 16. What is the highest common divisor of 80 and h?
20
Suppose 11*y + 89 + 359 = 43*y. Let d be (-12 - 1)/(-2 - -1). Suppose -d = -4*x + 267. Calculate the greatest common factor of y and x.
14
Suppose -4*i = -3*k - 10, -i = -3*k + 4*k - 6. Suppose 0 = 4*z + 4*a - 96, k*a - 95 = -4*z - 3*a. Calculate the highest common factor of 25 and z.
25
Suppose 15*p = 5*p + 30. Suppose -3*l = -5*l + 6. What is the highest common factor of p and l?
3
Suppose -95 = -4*z + 1. Let p be ((-12)/18)/(1/(-21)). Let q = p - -2. Calculate the greatest common divisor of z and q.
8
Let q = 5447 + -5160. Let u = -3 + 44. Calculate the greatest common factor of q and u.
41
Suppose -2*q = -2*x + 245 - 1513, -q + 2*x + 630 = 0. Calculate the greatest common factor of q and 22.
22
Let h = 268 - 172. Let m be (12 + -4 - 2)*-2. Let v = m - -24. What is the highest common divisor of v and h?
12
Suppose 156 = 18*m - 222. Calculate the highest common factor of m and 105.
21
Suppose -5*u - 4*r = -40, 0 = 2*u - 2*r - 3*r - 49. Let k be (-1 - -1 - -4) + u*15. Calculate the greatest common factor of k and 23.
23
Let b(h) = 3*h + 36. Let r be b(-5). Calculate the greatest common divisor of 357 and r.
21
Let g(m) = m**2 + m - 7. Let f be g(-3). Let a be 10 - ((-7)/f + -4). What is the greatest common factor of 21 and a?
7
Suppose 16*g = 74 + 70. What is the highest common factor of g and 57?
3
Let f(t) = -t + 12. Let u be f(-12). Let s = 36 - u. Calculate the highest common divisor of 24 and s.
12
Let y = 469 - 329. Let x be 2/((-5 - 0)/225). Let d = x + y. Calculate the greatest common factor of 5 and d.
5
Suppose -4*s = f + 58, 3*f - 2*f = 5*s - 13. Let v = 41 + f. What is the highest common factor of 3 and v?
3
Let n be 276/20 + (-13)/(-65). What is the greatest common factor of 224 and n?
14
Let g = 34 - 32. Suppose 0 = -5*v + g*x + 131, -v + 3*x - 7*x + 35 = 0. Let t be (-1 - -215) + -1 + 3. What is the greatest common factor of t and v?
27
Let i(q) = q**3 - 12*q**2 - 16*q + 41. Suppose -m + 5*w = 12, -m + 4*w - 33 = -2*m. Let z be i(m). Calculate the highest common divisor of z and 10.
2
Suppose 0 = 5*u + 5. Let l be 3/(-1) + 56 - u. Calculate the highest common divisor of 6 and l.
6
Suppose -6*a - 2074 + 2398 = 0. Calculate the highest common factor of 108 and a.
54
Let g = 68 - 49. Suppose -14*c = -g*c + 60. What is the greatest common factor of c and 30?
6
Let o be (-75 + 31)*((-8)/11 - 0). Let q be (-398)/(-5) + (-4)/(-10). Calculate the highest common divisor of q and o.
16
Suppose -5*w = 3*y - 7*w - 23, 3*y - w = 25. Let u(b) = b**2 - 9*b + 17. Let d be u(y). What is the greatest common factor of d and 153?
17
Suppose -3*d + 6 + 9 = 0. Suppose -2*z - 1 = d, l + z = 48. Suppose -2*u + 5*m = -4*u + 24, 2 = -m. What is the greatest common factor of u and l?
17
Let s(y) = -y**2 + 12*y - 26. Let v be s(8). Calculate the highest common factor of v and 150.
6
Let f be -40*12*4/(-20). Calculate the greatest common divisor of f and 64.
32
Let c(p) = -p**3 + 12*p**2 - 19*p - 5. Let x be c(10). Suppose 0 = -0*